 471, c = -2*f - 5*z + 309. What is the highest common factor of f and 19?
19
Let u = 26 - 21. Suppose -179 = -u*p + 316. Calculate the greatest common factor of 9 and p.
9
Let q be 92 + (3 - (1 + 6)). What is the greatest common divisor of 40 and q?
8
Let k = 707 - 685. What is the greatest common factor of 77 and k?
11
Suppose -2*d + 138 = 4*w, 2*d - 8*w - 120 = -6*w. What is the greatest common divisor of 84 and d?
21
Suppose 0 = 4*r + 20. Let j be (-46)/6*(r - -2). Calculate the greatest common factor of j and 115.
23
Suppose 58 = a + 5*n, -26 = -2*a - n + 63. Calculate the highest common factor of 473 and a.
43
Let w be 9/21 - (2 + 1912/(-14)). Let l = w - 90. What is the highest common divisor of 5 and l?
5
Suppose 202 + 92 = 14*z. Calculate the greatest common factor of z and 399.
21
Suppose 12*r - 14*r + 26 = 0. Suppose 21 = z - 44. Calculate the highest common divisor of z and r.
13
Let d = 4 - -1. Suppose -d*t - 3*i + 102 + 27 = 0, 3*t - 2*i = 85. What is the highest common factor of t and 3?
3
Let m = -18 + 19. Let o(h) = 38*h**3 - h**2 + 2*h - 1. Let k be o(m). Let r = -22 + k. Calculate the highest common divisor of r and 16.
16
Suppose 11*n - 25 = 30. Calculate the highest common factor of 2 and n.
1
Suppose -k + 205 = -11. Calculate the highest common factor of k and 456.
24
Suppose -13*g = -11*g + 164. Let n = -75 - g. What is the highest common factor of 56 and n?
7
Suppose -k = -5*k + 236. Suppose -2*b - f + 47 = 0, -k = -3*b + b - 5*f. Let l = b + -2. Calculate the greatest common factor of l and 160.
20
Suppose 2*y - 42 = 3*u, 3*y - 5*u - 63 = -3*u. What is the greatest common factor of 21 and y?
21
Let i be ((-56)/10)/((-20)/200). Calculate the highest common factor of 16 and i.
8
Suppose 0 = -t + 2*y + 40, -2*t + 36 = -t - 4*y. Let z = -27 + t. What is the greatest common divisor of 17 and z?
17
Suppose 89 = -4*r + 225. Suppose -l - 3*z - 2 = -38, l + 2*z = r. Calculate the highest common divisor of 150 and l.
30
Suppose 2*i = 4*i - 96. Suppose 3 = -5*z + 4*r - 5, 5*z + 4 = 2*r. Let d be (z - (-4)/2) + i. Calculate the highest common factor of d and 25.
25
Let s(p) = -p**2 + 2*p + 10. Let m be s(4). Suppose -m*h = -0*h - 18. Calculate the highest common divisor of 81 and h.
9
Let x = 1602 + -1601. Calculate the highest common divisor of x and 241.
1
Suppose 2 = 6*y + 98. Let u(m) = -m - 9. Let p be u(y). Suppose -2*h + 56 = -0*h. What is the highest common divisor of p and h?
7
Suppose 25*v = 172*v - 749 - 133. Suppose -3*r = 2*y - 7*r - 56, -y + 29 = -r. What is the highest common divisor of v and y?
6
Let s(x) = 13*x - 1. Let i be s(-2). Let p = i + 34. Calculate the greatest common divisor of p and 7.
7
Let z(h) = -h**3 - 9*h**2 + h + 13. Let k be z(-9). Suppose 0 = -k*i - 2*s + 62, -5 + 31 = 2*i + 2*s. What is the greatest common divisor of 27 and i?
9
Suppose -j + 327 = 3*q, 5*q + 3*j = -127 + 668. Calculate the greatest common divisor of 30 and q.
10
Let q = -13 + 25. Let c be 4/22 - 15568/77. Let o = c - -206. Calculate the greatest common divisor of o and q.
4
Let o be (-1 + -2)*(-49)/3. Suppose 225 = 3*a + 3*b, a - 5*b + 4 = o. Let w = 88 - 60. Calculate the greatest common factor of a and w.
14
Suppose 10*h + 449 = 609. What is the highest common factor of 52 and h?
4
Let i be ((-69)/(-138))/(3/768). What is the greatest common factor of i and 736?
32
Suppose 0 = 6*w + 15*w - 42. Let b(c) = 18*c**2 + c + 2. Let l be b(w). Calculate the greatest common divisor of l and 114.
38
Let x = -1623 + 3345. What is the highest common factor of x and 28?
14
Let w = -1021 - -1051. What is the highest common divisor of 30 and w?
30
Let p = -1101 - -1109. Let s = -5 + 9. Calculate the greatest common factor of s and p.
4
Suppose -3*m - i - 3 = 0, i + 3*i + 12 = 0. Suppose 8*z - 5*z - 339 = m. Let h = z - 68. Calculate the highest common divisor of h and 9.
9
Suppose 0 = a - 4*a - 24. Let g = 38 + a. Let v be (g/25)/((-6)/(-260)). What is the greatest common divisor of v and 130?
26
Let k(o) = -o**2 - 4*o - 1. Let c be k(-4). Let p = c + 11. Suppose -6*j + 287 = 47. What is the highest common divisor of p and j?
10
Suppose o = -2*a - 2*a - 7, 2*o - 19 = 3*a. Suppose 4*q - 4*v + 24 = 5*q, -4*q = -o*v - 54. What is the highest common factor of q and 64?
16
Let l(p) = 5*p + 103. Let y be l(-19). What is the greatest common divisor of 328 and y?
8
Let q be (12/(-7))/((-4)/126). Suppose 0*l = 3*l - q. Suppose 3*m = m + l. What is the highest common divisor of 45 and m?
9
Suppose 169 = 3*f + 4*w - 136, -5*f - w + 480 = 0. What is the highest common divisor of 15 and f?
5
Let m be ((-80)/(-50))/(2/90). Let c be 68/(-7) - (-12)/(-42). Let f = 26 - c. Calculate the highest common factor of f and m.
36
Let c be ((-64)/(-16))/((-2)/(-20)). Let u be -1 + -3 + 4 + c. What is the greatest common divisor of u and 8?
8
Suppose 0 = w - 657 + 111. Calculate the greatest common factor of 234 and w.
78
Let z = -11 + -28. Let h = z + 264. Calculate the greatest common divisor of 25 and h.
25
Let s be 6/18*3 - (-1 - 16). Calculate the greatest common divisor of 138 and s.
6
Let f(q) = 4*q - q**2 - 4 + 3*q**2 - 9*q**2 + 0*q**3 + q**3. Let x be f(6). Let p = -12 - x. What is the highest common factor of p and 36?
4
Suppose -33 = -f + 20. What is the greatest common factor of 901 and f?
53
Let q be (-5)/(2/(-6)*3). Let u be (3 - -2)/(q/3). Suppose 3*g - 73 + 1 = 0. What is the highest common factor of g and u?
3
Suppose -2*v + 0*v - 5*s = -19, s = v - 6. Let w(a) = a - 20. Let i be w(11). Let c be (-6219)/(-81) + (-2)/i. Calculate the highest common divisor of c and v.
7
Let f(k) = -k**3 - 13*k**2 + 6*k + 10. Let c be f(-14). Suppose 3*m - c - 94 = 0. What is the greatest common divisor of m and 8?
8
Let o = -34 - -66. Let p(a) = a**3 + 3*a**2 + a + 1. Let h be p(-3). Let f(k) = -2*k + 4. Let b be f(h). Calculate the greatest common divisor of o and b.
8
Let y(l) = 0*l - l + l**3 + 2*l**2 + l - 2*l. Let w be 12/24*(4 + 0). Let r be y(w). What is the greatest common factor of r and 18?
6
Let q = -699 - -709. Let t = -2 + 42. Calculate the highest common divisor of q and t.
10
Let z = 417 - 381. Calculate the greatest common divisor of 162 and z.
18
Suppose -o + 120 = 5*p, 4*o = 5*p + o - 100. What is the greatest common divisor of p and 368?
23
Suppose 23*d + 84 = 2*c + 21*d, -190 = -5*c - 5*d. What is the greatest common divisor of c and 760?
40
Let n(c) = 6*c - 18. Suppose 3*o + o + 5*r - 41 = 0, -r = -o - 1. Let s be n(o). What is the highest common factor of 15 and s?
3
Let s = -788 + 816. Calculate the greatest common factor of 378 and s.
14
Let b = 110 - -67. Calculate the greatest common factor of 118 and b.
59
Let m be (-81)/108 + 1791*1/4. Let n = m + -249. Calculate the greatest common divisor of 18 and n.
18
Let k(s) = 5*s**2 + 12*s + 29. Let n be k(-3). What is the greatest common divisor of 95 and n?
19
Let a = -621 - -1422. What is the greatest common factor of a and 89?
89
Let r = 3 - 1. Let j be -4*(918/(-12))/17. What is the greatest common factor of r and j?
2
Let n = 28 - 18. Suppose -m + 88 = -2*b, 959 = 5*m + 3*b + 571. What is the highest common divisor of n and m?
10
Suppose -17*x = -15*x - 296. What is the greatest common divisor of 4 and x?
4
Let f = -395 + 421. Let n(p) = 2*p**2 - 3*p - 1. Let x be n(-3). What is the greatest common factor of f and x?
26
Let w(h) = 5*h - 57. Let t be w(20). Calculate the highest common factor of t and 43.
43
Suppose 0 = 66*h + 180 - 1632. What is the greatest common divisor of 605 and h?
11
Let r = 67 + -47. Let a be 5/(-1 - 0)*-1. What is the highest common divisor of r and a?
5
Let p(v) = -v + 10. Let j be p(8). Suppose -5 = j*h - h. Let c be (-28)/(-10)*h/(-2). What is the greatest common divisor of c and 42?
7
Suppose 0 = 3*p + 5*o - 34, -3*p + 6*p + 2*o - 28 = 0. Let l be 438/5 + (-26)/(-65). What is the greatest common factor of l and p?
8
Suppose -56 + 88 = 3*q + 4*x, -3*q + 3*x + 18 = 0. Calculate the greatest common factor of q and 88.
8
Let o be (-1 + 235/(-10))*2. Let t = 78 + o. Calculate the highest common factor of t and 261.
29
Let n be (-6)/(-27) - (-932)/18. Let g = 115 - n. Let u be (1 + 0)/(9/g). What is the greatest common factor of 7 and u?
7
Let u = 18 + -10. Let w b